{"id":138,"date":"2017-08-30T12:05:52","date_gmt":"2017-08-30T10:05:52","guid":{"rendered":"http:\/\/www.clinicadentalstudio.com\/?page_id=138"},"modified":"2017-08-30T12:29:55","modified_gmt":"2017-08-30T10:29:55","slug":"dr-jose-ramon-rubio-martinez","status":"publish","type":"page","link":"http:\/\/www.clinicadentalstudio.com\/?page_id=138","title":{"rendered":"Dr. Jose Ram\u00f3n Rubio Mart\u00ednez"},"content":{"rendered":"<p>Odontolog\u00eda microsc\u00f3pica.<\/p>\n<p>Pr\u00e1ctica privada en Vera (Almer\u00eda)<\/p>\n<p>Licenciado en odontolog\u00eda por la Universidad de Granada<\/p>\n<p>Director del t\u00edtulo de Experto en Endodoncia de la Universidad Cat\u00f3lica de Murcia.<\/p>\n<p>Profesor colaborador de la Universidad de Almer\u00eda.<\/p>\n<p>Experto en periodoncia e implantes por la Universidad de Almer\u00eda.<\/p>\n<p>Experto en Ortodoncia por la Universidad de Almer\u00eda.<\/p>\n<p>Miembro numerario de la Asociaci\u00f3n Espa\u00f1ola de Endodoncia.<\/p>\n","protected":false},"excerpt":{"rendered":"<p>Odontolog\u00eda microsc\u00f3pica. Pr\u00e1ctica privada en Vera (Almer\u00eda) Licenciado en odontolog\u00eda por la Universidad de Granada Director del t\u00edtulo de Experto en Endodoncia de la Universidad Cat\u00f3lica de Murcia. Profesor colaborador de la Universidad de Almer\u00eda. Experto en periodoncia e implantes por la Universidad de Almer\u00eda. Experto en Ortodoncia por la Universidad de Almer\u00eda. Miembro numerario [&hellip;]<\/p>\n","protected":false},"author":1,"featured_media":155,"parent":67,"menu_order":2,"comment_status":"closed","ping_status":"closed","template":"","meta":[],"_links":{"self":[{"href":"http:\/\/www.clinicadentalstudio.com\/index.php?rest_route=\/wp\/v2\/pages\/138"}],"collection":[{"href":"http:\/\/www.clinicadentalstudio.com\/index.php?rest_route=\/wp\/v2\/pages"}],"about":[{"href":"http:\/\/www.clinicadentalstudio.com\/index.php?rest_route=\/wp\/v2\/types\/page"}],"author":[{"embeddable":true,"href":"http:\/\/www.clinicadentalstudio.com\/index.php?rest_route=\/wp\/v2\/users\/1"}],"replies":[{"embeddable":true,"href":"http:\/\/www.clinicadentalstudio.com\/index.php?rest_route=%2Fwp%2Fv2%2Fcomments&post=138"}],"version-history":[{"count":1,"href":"http:\/\/www.clinicadentalstudio.com\/index.php?rest_route=\/wp\/v2\/pages\/138\/revisions"}],"predecessor-version":[{"id":140,"href":"http:\/\/www.clinicadentalstudio.com\/index.php?rest_route=\/wp\/v2\/pages\/138\/revisions\/140"}],"up":[{"embeddable":true,"href":"http:\/\/www.clinicadentalstudio.com\/index.php?rest_route=\/wp\/v2\/pages\/67"}],"wp:featuredmedia":[{"embeddable":true,"href":"http:\/\/www.clinicadentalstudio.com\/index.php?rest_route=\/wp\/v2\/media\/155"}],"wp:attachment":[{"href":"http:\/\/www.clinicadentalstudio.com\/index.php?rest_route=%2Fwp%2Fv2%2Fmedia&parent=138"}],"curies":[{"name":"wp","href":"https:\/\/api.w.org\/{rel}","templated":true}]}}